y = 2*y + 29, 4*y - 16 = 0. Calculate the highest common factor of w and 7.
7
Let n be ((-1)/(-2))/((-71)/(-1846)). Suppose 5 = -3*f - 4, -4*b + 5*f = -119. Calculate the highest common factor of b and n.
13
Let j = -162 - -213. What is the greatest common divisor of 17 and j?
17
Let w = 815 - 800. Let c be (6/(-8))/(1/(-8)). Calculate the greatest common factor of w and c.
3
Let s = -102 + 116. Suppose q = 3*q - 84. What is the greatest common factor of s and q?
14
Let o be 2 + -5 + 22*(-17)/(-2). Calculate the greatest common divisor of 8 and o.
8
Suppose 2*t = k - 5 + 9, 3*t - 3*k = 12. Let p(z) = -2*z - z**2 + 3*z + 0*z + 7. Let q be p(t). What is the highest common divisor of q and 7?
7
Let x = 46 + -42. Calculate the greatest common factor of x and 8.
4
Let f = 180 + -161. What is the greatest common factor of f and 608?
19
Let j = 1165 + -1088. Calculate the highest common divisor of 220 and j.
11
Let c = 256 - -269. Calculate the highest common divisor of c and 75.
75
Suppose -5*q - 136 = -2*f - 3*q, 364 = 5*f + q. Let d = 1009 - 1001. Calculate the highest common factor of d and f.
8
Suppose -101*q = -98*q - 135. Calculate the greatest common divisor of q and 45.
45
Let w(v) = 7*v - 15. Let t be w(11). Let z = 108 - t. Let s = z - 22. Calculate the highest common divisor of 3 and s.
3
Suppose 5*i + 195 = 1245. Suppose 2*f = -28 + 112. What is the greatest common factor of i and f?
42
Let r be ((-6)/(-10) + 4/10)*-10. Let z(i) = i**2 + 9*i - 2. Let h be z(r). What is the highest common factor of 56 and h?
8
Let n(u) = -2*u - 24. Let x be n(-13). Let i be 28/((-80)/44 + x). What is the highest common divisor of 22 and i?
22
Let z be (-1)/((14/(-38))/7). Let g be (-1 + 3 - 2)/(-1). Suppose u + g*u = 38. What is the greatest common divisor of z and u?
19
Let k be (45/(-12))/((-42)/168). Calculate the greatest common factor of 51 and k.
3
Let g be 0/2 - (1 + -19). Let c = -2303 + 2447. What is the highest common divisor of g and c?
18
Suppose -5*w + 124 - 19 = -5*r, -3*r = 5*w - 97. What is the highest common divisor of w and 50?
10
Let r be (-19)/(38/16) + 238. What is the highest common factor of 69 and r?
23
Suppose -9*w - 156 = -7*w. Let z be (-576)/(-26) - (-12)/w. Calculate the highest common factor of z and 2.
2
Suppose 0 = 3*v - 5*v + 4*u + 108, 3*v + 3*u - 135 = 0. What is the highest common factor of 360 and v?
24
Let z(h) = h**2 + 2*h - 2. Let p be z(-3). What is the greatest common factor of p and 24?
1
Suppose 0 = -2*x + r - 18, 2*x + 2*x - 5*r + 24 = 0. Let f be x*(2 + 10/(-4))*12. What is the highest common divisor of 44 and f?
22
Let g be (-4 - -4 - 27) + 0. Let o be g/6*4/(-6). Suppose o = t - 9. Calculate the greatest common divisor of t and 4.
4
Let h = 2282 - 2225. What is the highest common divisor of h and 2964?
57
Let f be ((-169)/(-3))/((-6)/(-36)). What is the highest common factor of 26 and f?
26
Suppose 4*v = -12, t + 4*t - 4*v - 4092 = 0. What is the greatest common factor of t and 8?
8
Suppose -3*a + 258 = -2*l, 151 = 2*a + 4*l - 37. Calculate the highest common divisor of 132 and a.
44
Let c = 299 - 296. What is the greatest common factor of 213 and c?
3
Let u(r) = -r**3 + r**2 + 2*r. Let i be u(-3). Let h = 43 - 34. Suppose h*n - 15 = 8*n. Calculate the greatest common factor of i and n.
15
Let n(j) = j**2 + 56. Let c be n(-13). Suppose -18*l = -13*l - c. Calculate the greatest common factor of l and 90.
45
Suppose -10 = 5*r - 0, 3*h + 4*r = 67. Suppose -3*f - h = -k, 0 = k + 7*f - 2*f - 33. Suppose 13*q - 17*q = -k. What is the greatest common divisor of 1 and q?
1
Suppose 0 = -0*t - 3*t - 2*v + 2, -3*t = 4*v + 2. Suppose -8*o + 12 = -t*o. Calculate the highest common factor of 3 and o.
1
Let r(o) be the first derivative of 3*o**4/4 + o**3 - 2*o**2 + 7*o - 13. Let k be r(2). What is the greatest common factor of k and 35?
35
Let g(r) = 6 - r**3 - 4*r**3 - 2*r**3 + 3*r - r**2 + 2*r**3. Let d be g(-2). What is the greatest common factor of 24 and d?
12
Let g(z) = -2*z**2 + 11*z + 16. Let l be g(7). Let t(p) = -10*p - 24. Let r be t(l). What is the greatest common factor of 39 and r?
13
Let v(u) = u**3 + 15*u**2 - 5*u - 30. Let p be v(-15). What is the greatest common divisor of p and 585?
45
Suppose 132 = 6*t - 3*t. Suppose r + 7 - 116 = -z, -332 = -3*z + 2*r. Calculate the highest common divisor of t and z.
22
Let t = 3 + 2. Suppose -f + 5*f + 5*y = 98, 0 = -t*f - 2*y + 114. Suppose f*p = 27*p - 135. What is the greatest common factor of 3 and p?
3
Suppose 277 + 878 = 5*g. Let r = 81 - 184. Let j be r/(-5) - 8/(-20). Calculate the highest common divisor of g and j.
21
Let y(g) = 3*g**3 + g**2 - 3*g + 3. Let j be y(3). Let u = 85 - j. What is the highest common divisor of 8 and u?
1
Suppose 3*x - 20 = -2*x. Suppose -80 = -x*y + 4*n, 0 = -y - 4*n + 8*n + 35. What is the greatest common factor of 15 and y?
15
Suppose 112 = -3*r + n + 372, 3*r + 2*n = 254. Let y = -62 + r. What is the greatest common factor of 8 and y?
8
Let y(i) = i**2 - i + 7. Let h be y(0). Suppose 7*f - 18*f = -407. Suppose 3*s + h = f. What is the greatest common factor of s and 10?
10
Let o be (-145)/(-2*(-1)/(-2)). Let j = 185 + -127. What is the highest common factor of j and o?
29
Let b be ((-396)/90)/(2/(-40)). Suppose 2*a = -b + 108. Calculate the highest common divisor of a and 25.
5
Suppose 0*b = 10*b - 100. Suppose 5*m + 90 = b*m. Calculate the greatest common factor of 2 and m.
2
Let g = -537 - -937. Calculate the greatest common divisor of 16 and g.
16
Let b = 5 + 130. Suppose -b = 3*n - 8*n. What is the highest common divisor of 189 and n?
27
Let o(p) = -10*p + 10. Let b be o(-8). Suppose -64 = -0*n - 2*n - 4*q, 2*q + 148 = 4*n. What is the highest common divisor of n and b?
18
Let u = 92 + 6. Let s = u - 80. Calculate the highest common factor of 36 and s.
18
Suppose 3*o + 5*n - 1 = -0*n, 23 = o - 4*n. Suppose -2*z = 4*k - 88, 44 = z + 4*k - o*k. What is the highest common divisor of z and 22?
22
Suppose -2*q + 5*u - 120 = -4*q, 3*q = -4*u + 180. What is the greatest common factor of q and 120?
60
Let u = -46 - -49. Suppose 0 = -2*m - 5*v + 46, u*m = v + 23 + 12. What is the highest common divisor of m and 39?
13
Let z = -86 + 157. Suppose 5*g - 2*g = m + z, 3*g - 63 = 3*m. What is the greatest common divisor of 125 and g?
25
Let t(g) = -g**3 - 4*g**2 + 5. Suppose x + 12 = -2*x. Let y be t(x). Suppose -m - 144 = -y*m. Calculate the greatest common factor of 24 and m.
12
Suppose -5*v - 120 = -3*m, -4*m + 9*m - 200 = -4*v. What is the highest common divisor of m and 120?
40
Let l = 2 - -40. Suppose -h = -0*h - 3*c - 26, -2*h + 4*c + l = 0. What is the greatest common factor of 77 and h?
11
Let b be 18112/104 + (-4)/26. Let s be 1/2 - (-399)/14. Calculate the highest common divisor of b and s.
29
Let y(f) = f + 17. Let l be y(-9). Let r(k) = 6*k - 9. Let u be r(-13). Let g = -23 - u. Calculate the highest common divisor of l and g.
8
Let b = -155 - -287. Let g be 14*(-1 - (-2)/(-4)). Let d = g - -33. Calculate the greatest common divisor of b and d.
12
Let z = 10 + -10. Suppose z = -7*k + 12 + 58. Calculate the greatest common divisor of k and 110.
10
Suppose 2*m = 8, x + 6 = -2*m + 30. Let b be (-12)/8*x/(-12). Suppose -b*q - 3*c = -61, 4*q = 6*q - 5*c - 37. What is the highest common divisor of 104 and q?
26
Suppose 3*z = 13 - 40. Let n be (-105)/(-14)*(4 - 2). Let u = n + z. Calculate the greatest common factor of u and 3.
3
Let y(v) = 31*v - 269. Let i be y(9). What is the highest common factor of i and 1370?
10
Let q = 302 + -162. Suppose 0 = 5*m + 3*m + 704. Let i be (m/(-12) + -4)*6. What is the highest common divisor of q and i?
20
Let z(i) = i**2 - 4*i - 8. Let j be z(-4). What is the greatest common divisor of 120 and j?
24
Let k be 215/35 + 2/(-14). Suppose -5*f - 2*p + 6*p = -55, p = f - 10. Calculate the greatest common factor of f and k.
3
Suppose 2*s = -3*s + 3*t + 333, -2*t + 215 = 3*s. What is the greatest common divisor of 6 and s?
3
Let s = -889 - -892. What is the highest common factor of 6 and s?
3
Suppose -1859*p = -1867*p + 128. Calculate the highest common divisor of p and 696.
8
Let g(k) = -k + 13. Let n be g(13). Suppose n = -2*p + 1 + 1. Let d be -1 + 4 + 3 + -2. What is the highest common factor of 